 of a?
2, 3
Suppose 2*w + 38 = -2*f - 24, 0 = -2*w + 5*f - 90. Let b = w - -56. Let v = 45 - b. What are the prime factors of v?
2, 3
Let l(f) = f**2 + 4*f - 9. Let c be l(-8). Let z = 25 - c. Suppose -5*h + 54 = -k + 3*k, -z*h = -3*k + 62. What are the prime factors of k?
2, 11
Let q be (-1)/((-3)/(-9)*-1). Suppose 0*g + 11*g = 121. Suppose 0 = 2*i - j - g, 27 = q*i + i - 3*j. What are the prime factors of i?
3
Let l be (-6)/(-15) - 6/(-10). Let n be (l*(-6 + -4))/(-2). Suppose -3*t + 0*j = n*j - 146, 152 = 4*t - 4*j. What are the prime factors of t?
2, 3, 7
Suppose 4*f = -4*c + 224, 0*f + 4*f = 16. Suppose -4*p + c = -5*z, 5*p - 3*z - 71 - 7 = 0. List the prime factors of p.
2, 3
Let i = 27 + 524. What are the prime factors of i?
19, 29
Let j = -8 - -14. Let t = 23 - 24. What are the prime factors of (t - -43)*2/j?
2, 7
Suppose 0*i + 60 = 5*i + x, 3*x = 5*i - 40. Suppose 3*u - 10 = -0*u - 5*h, 2*u - h = i. Suppose -u = 5*d - 130. List the prime factors of d.
5
Suppose -3*x - x + 12 = 0. Suppose -5*u + c + 92 + 327 = 0, x*u = -3*c + 255. What are the prime factors of u?
2, 3, 7
Let x = -24 - -27. Suppose -x*j + 240 - 21 = 0. What are the prime factors of j?
73
Suppose 61*d - 60*d = 3709. List the prime factors of d.
3709
Suppose 11*z = 8*z. What are the prime factors of 1*(134 + -11 + z + -4)?
7, 17
Suppose 0 = -3*f + 3*j + j + 1029, -2*j + 700 = 2*f. List the prime factors of f.
347
Let q = -56 - -54. List the prime factors of ((-1)/q)/((-3)/(-1578)).
263
Let b(d) = d**2 - 4*d - 9. Suppose 7 = i + 5*g, 4 + 3 = i + 3*g. Let x be b(i). List the prime factors of ((-18)/x)/(2/(-28)).
3, 7
Let a(d) = -d**2 + 18*d - 8. Let k be a(16). Suppose 4*c - 2*c + 22 = 3*b, -4*b = -2*c - k. Let w = -6 - c. What are the prime factors of w?
2
Suppose -3*y = 4*z - 2379, 0 = 5*y + 4*z - 7*z - 3936. What are the prime factors of y?
3, 263
Let i = -11 + 10. Let h = 2 - i. Suppose -v + 11 = h. List the prime factors of v.
2
Let c(g) = g**3 - 14*g**2 - 12*g - 26. Let d be c(15). Let j(w) = w**3 - 20*w**2 + 25*w - 29. List the prime factors of j(d).
5, 17
Suppose -10*o + 17*o - 1820 = 0. What are the prime factors of o?
2, 5, 13
Let d be 54/10 + (30/(-25))/3. Suppose -3*x - 440 = -d*x. What are the prime factors of x?
2, 5, 11
Let r be (-6)/(-1)*4/6. Suppose 33 = -4*a - z - r, z - 35 = 4*a. Let d(t) = -t**2 - 10*t - 2. List the prime factors of d(a).
7
Let j(f) = f**2 + 13*f + 9. Let m be j(-8). Let z(x) = x**2 - 18*x + 9. Let d be z(8). Let w = m - d. What are the prime factors of w?
2, 5
Suppose 7*g - 248 = 11*g. Let l = 170 + g. What are the prime factors of l?
2, 3
Suppose 5*r - 25 = -2*o, 3*r = -4*o + 5 + 10. Suppose 3*s - 81 = r*z + 208, 4*z + 290 = 3*s. List the prime factors of s.
2, 7
Suppose 0 = -2*v + 6, 266 = 4*j + 4*v - 106. Suppose 3*g + j = 6*g. Suppose -i - i + g = 0. List the prime factors of i.
3, 5
Let j = 104 - 98. Suppose 0 = -4*l + j*l - 52. List the prime factors of l.
2, 13
Let g = -203 + 320. Suppose g = 8*k + 21. List the prime factors of k.
2, 3
Let b(c) = -19*c - 170. What are the prime factors of b(-26)?
2, 3
Let q(a) = a**2 + 1. Let y(l) = -2*l**2 - 7*l + 21. Let b(w) = 3*q(w) + y(w). What are the prime factors of b(11)?
2, 17
Let d(y) = -2*y**3 + 8*y**2 + 15*y - 17. Let j be d(7). Let v = j + 534. What are the prime factors of v?
2, 41
Let u(y) = y**2 + 3*y + 2. Let h be u(-5). Let o be (h/8 + -1)*6. What are the prime factors of (8/(-3))/(o/(-18))?
2
Suppose h = 44 - 9. List the prime factors of (-9 - 0)/((-7)/h).
3, 5
Let y(j) = 27*j**2 - 8*j + 22. What are the prime factors of y(-7)?
3, 467
Let h = 1262 - 573. What are the prime factors of h?
13, 53
Let r be (-1 - (-4 + -1*417)) + 0. Let l = 696 - r. List the prime factors of l.
2, 3, 23
Let i be -5 + (0 - -3)/(3/5). Let p be (2/(-1))/(2/(-26)). Suppose w - 3*u - p = i, 5*w = u - 3*u + 164. What are the prime factors of w?
2
Let w(g) = 2*g**3 - 5*g - 24 + 2*g**2 + 18 - 3*g**3 + 3*g**3. Let f be w(-3). Let u = 42 - f. What are the prime factors of u?
3, 23
Let w = -74 - -104. Suppose -15 = 5*i, -i + w = -5*u + 368. List the prime factors of u.
67
Let h(q) = q**2 + 9*q + 15. Let p be h(-7). Suppose -5*v = -4*i + 29, p = -3*i + 5*v + 29. List the prime factors of 43/4 + i/4.
11
Suppose 0*m = 4*m - 24. Suppose 8 = m*l - 5*l. What are the prime factors of l?
2
Let v = 53 + -21. Let w = v - 26. List the prime factors of w.
2, 3
Suppose -z + 7 = -1. Suppose z*r + 12 = 11*r. What are the prime factors of r?
2
Let g be 3*(-4)/(-3)*(-3)/(-6). Suppose 3*y = -2*n - y + 264, 2*y + 282 = g*n. List the prime factors of n.
2, 3, 23
Suppose -28*m + 32*m - 128 = 0. Let l = m + -12. What are the prime factors of l?
2, 5
Let w(p) = -5*p - 1. Let x be w(3). Let m(g) = -10*g + 8. Let r be m(x). Suppose -5*k = 4*d - 148 - 66, -4*k + r = 4*d. List the prime factors of k.
2, 23
Suppose -3*y - 176 - 712 = 0. Let t = 178 + y. Let n = -67 - t. What are the prime factors of n?
3, 17
Let r(n) = -n**2 - n - 2. Suppose 4*k - 18 = 4*o + 6*k, 7 = -o - k. Let x be r(o). Let m = x - -22. What are the prime factors of m?
2, 3
Let p = 16 + -2. Let h be (4/(-3))/(p/(-21)). Suppose 0*w + h*w - 34 = 0. What are the prime factors of w?
17
Let i be (-2)/9 - 2/(-9). Let c be (i - -1)/(5/(-40)). Let b = 12 + c. What are the prime factors of b?
2
Let p = 63 + -58. Suppose 4*j = -p*a + 29 + 27, 0 = j + 1. List the prime factors of a.
2, 3
Suppose -2*z + 371 = -3*t, -2*t + 4*z - 5*z = 245. Let n = t - -295. What are the prime factors of n?
2, 43
Let k = 273 + -111. Let q = k + -83. What are the prime factors of q?
79
Let h(c) = c**2 + 10*c + 2. Let b be h(-10). Let m(x) = -x + x**3 - 11*x**2 + 2*x + b + 3 + 2*x. List the prime factors of m(11).
2, 19
Let f = 176 - 96. Suppose 3*b - f - 828 = -2*a, 3*b = -5*a + 920. List the prime factors of b.
2, 3, 5
Let l = 55 + -27. Let y(a) = a**3 + 6*a**2 + 4. Let o be y(-6). List the prime factors of (l/(-8 + o))/(-1).
7
Suppose -2*r - 6*t + 478 = -11*t, 3*t - 675 = -3*r. What are the prime factors of r?
229
Let j = 5 - -44. Let s = j - 26. What are the prime factors of s?
23
Suppose 3*r + 4 = -5, q + 4*r = 235. What are the prime factors of q?
13, 19
Let j = 30 - 10. Suppose -j + 374 = 6*c. List the prime factors of c.
59
Suppose -5*l = -4*w - 57, -2*l + 10 = -0*l. What are the prime factors of (6/w)/(222/112 + -2)?
2, 3, 7
Let z be (8 - 4) + 42/(-3). Let g(n) = -n - 8. Let h be g(z). Suppose -4*s + h*u + 47 = -17, -u + 22 = s. What are the prime factors of s?
2, 3
Let h(s) = 109*s**3 + 4*s**2 + 2*s - 1. Let j be h(-1). Let g = j - -230. List the prime factors of g.
2, 61
Let a = 173 - -284. What are the prime factors of a?
457
Suppose 683 = 7*w - 5351. List the prime factors of w.
2, 431
Suppose -6*c = 9*c - 45. Let y = 58 + 18. Suppose q = c*q - y. List the prime factors of q.
2, 19
Suppose -5*c - 2*t = -4940, -2*c + 2*t = t - 1967. List the prime factors of c.
2, 17, 29
Let v(z) = -369*z - 4. List the prime factors of v(-5).
7, 263
Let v = 3 + -6. Let w be (3 + 0)/(v/(-5)). Let m(b) = -b**2 + 7*b + 9. List the prime factors of m(w).
19
Let j(a) = 34*a - 90. What are the prime factors of j(9)?
2, 3
Let r(l) = 193*l**3 - 2*l + 1. Let i be r(1). Suppose -i = -9*z + 5*z. What are the prime factors of z?
2, 3
Let k be (1 - 0) + 13/(91/112). Suppose k*p - 20*p = -183. What are the prime factors of p?
61
Let h = 7 - 0. Suppose 4*a + 192 = h*a. List the prime factors of a.
2
Suppose t - 2*h + 6 = 0, -h - 10 = 3*t + h. List the prime factors of -1 + (47/t)/(2/(-8)).
2, 23
Suppose 3*d = 4*n - 16, -3*n - 2*d = -6*d - 12. Suppose 4*g = -2*b + 212, 5*b + 24 - n = 0. List the prime factors of g.
5, 11
Suppose -4*g + 0*g = 2*g. Suppose -w - 5*i + 31 = g, 33 = w + 6*i - 2*i. List the prime factors of w.
41
Suppose 3*h + 5*a - 2075 = 0, 3*a + 1377 = 14*h - 12*h. What are the prime factors of h?
2, 3, 5, 23
Let x be 6/(-12) + 49/2. Let s = 29 - x. What are the prime factors of s?
5
Suppose -5*m - 53*f + 609 = -55*f, 4*m + f - 495 = 0. What are the prime factors of m?
3, 41
Let h = 79 - 56. Let a be 1 + (-8)/6*-3. Suppose 2*c + h = g + a*c, 2*g = c + 25. List the prime factors of g.
2, 7
Suppose -4*w = 2*x - 4630, x = w - 499 - 657. What are the prime factors of w?
13, 89
Suppose 4*b = 9*b + 10. Let 